{"id":699,"date":"2020-05-07T15:49:40","date_gmt":"2020-05-07T13:49:40","guid":{"rendered":"http:\/\/www.fotostudio-edler.de\/?page_id=699"},"modified":"2025-07-28T13:43:41","modified_gmt":"2025-07-28T11:43:41","slug":"kontakt","status":"publish","type":"page","link":"https:\/\/www.fotostudio-edler.de\/index.php\/kontakt\/","title":{"rendered":"Kontakt"},"content":{"rendered":"\n<p>Fotostudio Edler<\/p>\n\n\n\n<p>Inh. Johanna Edler<\/p>\n\n\n\n<p>Kasseler Tor 1<\/p>\n\n\n\n<p>37308 Heilbad Heiligenstadt<\/p>\n\n\n\n<p>Tel.: 03606\/612571<\/p>\n\n\n\n<p>Handy: 0172\/9555090<\/p>\n\n\n\n<p>info@johannaedler.de<\/p>\n\n\n\n<h2 class=\"wp-block-heading\"><strong>\u00d6ffnungszeiten<\/strong><\/h2>\n\n\n\n<p>Montag bis Donnerstag 09:00 Uhr \u2013 17:30 Uhr<\/p>\n\n\n\n<p>Freitag 09:00 Uhr \u2013 15:00 Uhr<\/p>\n\n\n\n<p>Auch au\u00dferhalb der regul\u00e4ren \u00d6ffnungszeiten bin ich nach Terminvereinbarungen gerne f\u00fcr Sie da.<\/p>\n\n\n\n<p class=\"has-huge-font-size\"><\/p>\n\n\n\n<p class=\"has-text-align-left has-vivid-red-color has-text-color has-huge-font-size\"><\/p>\n\n\n\n<p><\/p>\n\n\n\n<p><\/p>\n","protected":false},"excerpt":{"rendered":"<p>Fotostudio Edler Inh. Johanna Edler Kasseler Tor 1 37308 Heilbad Heiligenstadt Tel.: 03606\/612571 Handy: 0172\/9555090 info@johannaedler.de \u00d6ffnungszeiten Montag bis Donnerstag 09:00 Uhr \u2013 17:30 Uhr Freitag 09:00 Uhr \u2013 15:00 Uhr Auch au\u00dferhalb der regul\u00e4ren \u00d6ffnungszeiten bin ich nach Terminvereinbarungen gerne f\u00fcr Sie da.<\/p>\n","protected":false},"author":1,"featured_media":0,"parent":0,"menu_order":0,"comment_status":"closed","ping_status":"closed","template":"","meta":{"ngg_post_thumbnail":0,"footnotes":""},"class_list":["post-699","page","type-page","status-publish","hentry"],"_links":{"self":[{"href":"https:\/\/www.fotostudio-edler.de\/index.php\/wp-json\/wp\/v2\/pages\/699","targetHints":{"allow":["GET"]}}],"collection":[{"href":"https:\/\/www.fotostudio-edler.de\/index.php\/wp-json\/wp\/v2\/pages"}],"about":[{"href":"https:\/\/www.fotostudio-edler.de\/index.php\/wp-json\/wp\/v2\/types\/page"}],"author":[{"embeddable":true,"href":"https:\/\/www.fotostudio-edler.de\/index.php\/wp-json\/wp\/v2\/users\/1"}],"replies":[{"embeddable":true,"href":"https:\/\/www.fotostudio-edler.de\/index.php\/wp-json\/wp\/v2\/comments?post=699"}],"version-history":[{"count":25,"href":"https:\/\/www.fotostudio-edler.de\/index.php\/wp-json\/wp\/v2\/pages\/699\/revisions"}],"predecessor-version":[{"id":3230,"href":"https:\/\/www.fotostudio-edler.de\/index.php\/wp-json\/wp\/v2\/pages\/699\/revisions\/3230"}],"wp:attachment":[{"href":"https:\/\/www.fotostudio-edler.de\/index.php\/wp-json\/wp\/v2\/media?parent=699"}],"curies":[{"name":"wp","href":"https:\/\/api.w.org\/{rel}","templated":true}]}}

<p>Fotostudio Edler</p>



<p>Inh. Johanna Edler</p>



<p>Kasseler Tor 1</p>



<p>37308 Heilbad Heiligenstadt</p>



<p>Tel.: 03606/612571</p>



<p>Handy: 0172/9555090</p>



<p>info@johannaedler.de</p>



<h2 class="wp-block-heading"><strong>Öffnungszeiten</strong></h2>



<p>Montag bis Donnerstag 09:00 Uhr – 17:30 Uhr</p>



<p>Freitag 09:00 Uhr – 15:00 Uhr</p>



<p>Auch außerhalb der regulären Öffnungszeiten bin ich nach Terminvereinbarungen gerne für Sie da.</p>



<p class="has-huge-font-size"></p>



<p class="has-text-align-left has-vivid-red-color has-text-color has-huge-font-size"></p>



<p></p>



<p></p>

<p>Fotostudio Edler Inh. Johanna Edler Kasseler Tor 1 37308 Heilbad Heiligenstadt Tel.: 03606/612571 Handy: 0172/9555090 info@johannaedler.de Öffnungszeiten Montag bis Donnerstag 09:00 Uhr – 17:30 Uhr Freitag 09:00 Uhr – 15:00 Uhr Auch außerhalb der regulären Öffnungszeiten bin ich nach Terminvereinbarungen gerne für Sie da.</p>
